2. What is the remainder when b/r*(-2)/(-3) is divided by 2?
1
Let s = 296 - 198. Calculate the remainder when s is divided by 20.
18
Suppose 2 - 8 = -3*f. What is the remainder when f is divided by 1?
0
Let w be 1*2 + (-4)/(-2). Suppose 5*h = 2*h - w*n + 47, -h = -5*n - 22. Suppose -m = -4*u - 13, 0 = -u - 1 - 0. What is the remainder when h is divided by m?
8
Suppose 0 = -2*z + j + 36, 54 = 3*z - j + 3*j. Calculate the remainder when z is divided by 5.
3
Suppose -5*h + 4*p = -507, 3*h = 6*h + 4*p - 317. Let c = h - 53. Calculate the remainder when c is divided by 13.
11
Suppose 0 = 4*z - g - 5, 4*g - 2 = -z - 5. Suppose -2*n + 1 = n + f, 0 = 3*n - 4*f - 11. What is the remainder when n is divided by z?
0
Calculate the remainder when 307 is divided by (21/(-14))/((-6)/124).
28
What is the remainder when 36 is divided by (6/8)/1 - 202/(-8)?
10
Let t(z) = z**2 - 2*z + 1. Let m be t(3). Suppose m*v - 10 = 2. Calculate the remainder when v is divided by 2.
1
Let b = 26 - 13. Calculate the remainder when 24 is divided by b.
11
Suppose 4*d - 6 - 30 = 0. Let y be (-2 - 1) + 0 + -1. Calculate the remainder when 35/((-4)/16*y) is divided by d.
8
Suppose -p = 4*v - 2*p - 11, 0 = -v + 4*p - 16. Suppose -5*f - v*y + 8 = -0, 5*f + 2*y - 14 = 0. What is the remainder when 7 is divided by f?
3
Let b = -20 - -42. Suppose -y - 4 = y + 5*c, 4*y + 4*c + 8 = 0. Calculate the remainder when b is divided by ((-28)/y - 1) + -1.
10
Suppose 5*s = -26 + 436. What is the remainder when s is divided by 23?
13
Let u(p) = -p**3 - 16*p**2 - 17*p - 18. What is the remainder when 83 is divided by u(-15)?
11
Suppose 3*u + 3 = -4*b, u - 3*b = b + 15. Suppose -2*f - 3*w + u = 0, -18 = -2*f - w + 3*w. Calculate the remainder when 16 is divided by f.
4
Let n = -55 - -77. Calculate the remainder when 85 is divided by n.
19
Let b(y) = -2*y**3 + 3*y**2 + 4*y. Let u be b(3). Let z = -8 - u. Suppose -f + 39 - 35 = 0. What is the remainder when z is divided by f?
3
Suppose -n + 19 + 22 = 0. What is the remainder when n is divided by 22?
19
Let n be 204/15 - 6/(-15). Suppose -6 = 4*u + n. Calculate the remainder when (u - -2)*(-138)/9 is divided by 16.
14
Let l be 1 + 1*2/(-1). What is the remainder when 82 is divided by (3 + -5)*l - -19?
19
Let o be ((-5)/(-2))/((-8)/(-80)). Suppose -o - 26 = -3*k. What is the remainder when 49 is divided by k?
15
Let z(r) = -6*r - 4. Let m(n) = 7*n + 4. Let u(t) = -3*m(t) - 4*z(t). Let h be u(-4). Calculate the remainder when 17 is divided by (-6)/8 + (-78)/h.
8
Let u(v) = -v**3 + v**2 - v + 9. Let w(n) = -n**3 + 5*n**2 + 10*n - 7. Calculate the remainder when w(6) is divided by u(0).
8
Let g be (3/(-2))/(-1)*-2. Suppose -63 = -4*v - 3*u, v = -4*u - 2 + 8. Calculate the remainder when 6/v + (-59)/g is divided by 7.
6
Suppose 2*c - 4*c = -4. Suppose -w = 2, -n - c = 2*w - 1. Calculate the remainder when 14 is divided by 6/(2/(8/n)).
6
Suppose 4*n - 101 = 5*v - 374, -v + 3*n = -59. What is the remainder when v is divided by 9?
8
Let t = 111 + -106. Suppose 0 = -5*o + 2*o + p + 36, -5*o - 2*p + 60 = 0. Calculate the remainder when o is divided by t.
2
What is the remainder when 0/(-1) - (0 - 0) - -149 is divided by 38?
35
Let w = -27 - -47. Let f(h) = 2*h - 7. Let i be f(6). Suppose t - 5*o = -18, -i*t - o + 10 = -6*o. Calculate the remainder when w is divided by t.
6
Suppose 10 = 5*k - 2*l - 216, -4*l + 32 = k. Calculate the remainder when 130 is divided by k.
42
Let m(s) = 41*s - 8. Let p(g) = -2*g + 3 - 1 - 8*g + 0*g. Let o(n) = 4*m(n) + 18*p(n). What is the remainder when o(-3) is divided by 18?
16
Suppose 3*x - 2 = -8, 406 = 4*m + 3*x. Calculate the remainder when m is divided by 36.
31
Suppose -8 = 2*c + 2*k, -5*c + 5*k - 2 = k. Let l = 13 + 5. What is the remainder when l is divided by (1 + c)/1 + 11?
8
Calculate the remainder when 12/14*(1 - -20) is divided by (-10 - -3)/(0 - 1).
4
Let l(g) = g - 5. Let v be l(4). Let r = v - -2. Calculate the remainder when (-2)/(-1 + 0 - r) is divided by 1.
0
Suppose 2*t = t + 12. Suppose 0 = -k - 0*k + 22. Calculate the remainder when k is divided by t.
10
Let q = 1 + 11. What is the remainder when (-42)/(-2) - (-2 - -1) is divided by q?
10
Let k(u) = 59*u. Let m(b) = -17*b - 1. Let w be m(1). Let l = 2 - w. Calculate the remainder when k(1) is divided by l.
19
Let r(y) = 12*y**2 - y. Let k be r(-1). Suppose t - 14 = k. Calculate the remainder when 106 is divided by t.
25
Let t(s) = 2*s**2 - 9. Let k(c) = -c**3 - c**2 + c + 15. Let y be k(0). Suppose 3*j + 0*j = y. Calculate the remainder when t(3) is divided by j.
4
Suppose 5*c + 5*l - 326 = -101, -2*l - 239 = -5*c. Calculate the remainder when c is divided by 12.
11
Let x = -5 - -9. Suppose q + q - x = 0. Suppose -2*b + 2*o = -30, -q*o - 68 = -3*b - 27. What is the remainder when b is divided by 7?
4
Let i be (-12)/3*111/(-4). Let p = i - 67. Let h(z) = -15*z**3 - 2*z**2 - 2*z. What is the remainder when p is divided by h(-1)?
14
Suppose 4*f - c - 71 = 0, 2*f + 3*f = -c + 91. Calculate the remainder when 35 is divided by f.
17
Let z(q) = q**3 - 7*q**2 + 6*q + 8. Let r be z(6). Suppose r = 2*h + 2*h. Calculate the remainder when 5/((-15)/9 + h) is divided by 8.
7
Suppose 3*s = -s. Suppose s = -3*p - 2*p + 100. Calculate the remainder when p is divided by 11.
9
Let j = -76 - -132. Calculate the remainder when j is divided by 19.
18
Let y(h) = -2*h - 3. Calculate the remainder when 8 is divided by y(-4).
3
Let s = 0 + 5. What is the remainder when ((-9)/6)/((-3)/28) is divided by s?
4
Suppose 3*u - 77 + 2 = 0. Let n = u + -3. Suppose a = -0*a + n. Calculate the remainder when a is divided by 6.
4
Suppose v - 303 + 184 = 0. What is the remainder when v is divided by 10?
9
What is the remainder when (-5)/10 - (183/(-6) - -3) is divided by 11?
5
Suppose -612 = -18*r + 666. Calculate the remainder when r is divided by -2 + 3/((-6)/(-40)).
17
Suppose -4*m + 128 = 2*f, 8*m = 3*m - 5. What is the remainder when f is divided by 34?
32
Suppose -4*f + 4 = -0*f. Suppose 0 = 2*r + 4*a - 50, -18 - 107 = -4*r - 3*a. What is the remainder when r is divided by f/((-46)/24 + 2)?
11
Let v = 19 + -14. Let z = 26 - v. What is the remainder when 82 is divided by z?
19
Let r = -8 - -34. What is the remainder when 51 is divided by r?
25
Let t be (6/3 - 1)*2. Suppose 4 + 26 = t*i. Calculate the remainder when i is divided by (-2)/(-3) - 88/(-12).
7
Suppose 0 = -5*x + 4*r + 195, -4*r + 20 = x - r. Calculate the remainder when x is divided by 18.
17
Let f(j) = 2*j + 55. What is the remainder when f(-9) is divided by 8?
5
Let z(v) = -2*v**3 - 8*v**2 - 2*v - 4. Let x be z(-6). What is the remainder when 2/1 + x/4 is divided by 14?
12
What is the remainder when 32 is divided by 19/2 + -5 + (-78)/(-12)?
10
Let l = 10 - 2. Suppose -2*q + s = -167, l*s = q + 3*s - 88. Calculate the remainder when q is divided by 21.
20
Suppose -v + 3 = -0*v. Let s(h) = h - 10. What is the remainder when (-1 + 0)*(-5 + v) is divided by s(11)?
0
Let l(m) = -m**3 + 3*m**2 - m - 1. Let c be l(2). Calculate the remainder when 13 is divided by c + (-2 - 1) - -7.
3
Let w(j) = j**3 + 25*j**2 + 22*j - 38. Let d = -20 + 47. Calculate the remainder when d is divided by w(-24).
7
Let k(r) = -2*r - 5. Suppose m = 2*m + 2. Calculate the remainder when -8*1*m/4 is divided by k(-4).
1
Let x(m) = 2*m - 7. Let u be x(6). Suppose 0 = 5*r + 2*o - 24 - 41, -65 = -u*r + 2*o. What is the remainder when r is divided by 7?
6
Suppose 4*q - 5*u - 10 = 0, 5*q - 4*u - 1 = 7. Let l be q + (-7)/((-14)/12). Suppose 0 = 3*z - l*z + 90. Calculate the remainder when z is divided by 16.
14
Let n(c) = -c**2 + 5*c + 17. Let k be n(7). Suppose k*w = -w + 136. What is the remainder when w is divided by 12?
10
Let u(c) = -c**2 + c + 17. Let r be u(0). Suppose s = 12 + r. Suppose 14 = 5*q - 36. Calculate the remainder when s is divided by q.
9
Let x = -8 + 6. Calculate the remainder when 25 is divided by (26/4)/((-1)/x).
12
Let v be (2*-1)/(1/(-2)). Suppose 0 = -5*a - 2*z + v*z + 13, z = 2*a - 5. What is the remainder when 8 is divided by a?
2
Let w(j) = j**3 - 2*j**2 + j + 1. Let m be w(2). Let s(n) = 2*n**3 - 3*n**2 - 2*n + 1. What is the remainder when s(m) is divided by 6?
4
Suppose -3*l - 112 = -2*w, 0*w - 155 = -3*w - 2*l. Calculate the re